{"id":24,"date":"2010-08-26T15:50:58","date_gmt":"2010-08-26T13:50:58","guid":{"rendered":"http:\/\/www.carolapojer.com\/?page_id=24"},"modified":"2023-11-16T11:44:51","modified_gmt":"2023-11-16T10:44:51","slug":"video","status":"publish","type":"page","link":"https:\/\/www.carolapojer.com\/?page_id=24","title":{"rendered":"VIDEO"},"content":{"rendered":"\n<figure class=\"wp-block-video\"><video controls src=\"https:\/\/www.schauspielervideos.de\/FM\/fls\/18\/18192\/seq_12275815-18192-08.11.2023-fys.mp4\"><\/video><\/figure>\n\n\n\n<figure class=\"wp-block-video\"><video controls src=\"https:\/\/www.schauspielervideos.de\/FM\/fls\/18\/18192\/seq_12275816-18192-08.11.2023-fys.mp4\"><\/video><\/figure>\n\n\n\n<p>CAROLA POJER 2013 Demo<br><strong>Kapitel \/ Sequenzen:<\/strong><\/p>\n\n\n\n<p>00:29 Die Werkst\u00fcrmer &#8211; R: Andreas Schmied &#8211; Novotny Film &#8211; 2013 Kino<br>01:19 Die Werkst\u00fcrmer &#8211; R: Andreas Schmied &#8211; Novotny Film &#8211; 2013 Kino<br>02:16 Die Werkst\u00fcrmer &#8211; R: Andreas Schmied &#8211; Novotny Film &#8211; 2013 Kino<br>02:53 REM &#8211; R: Manuel Johns &#8211; 2013 Kurzfilm (Diagonale 2014)<br>04:10 Die Lottosieger &#8211; R: Leo Bauer &#8211; ORF &#8211; 2012 TV<br>05:15 Die Lottosieger &#8211; R: Leo Bauer &#8211; ORF &#8211; 2012 TV<br>06:27 Ein guter Mensch &#8211; R: Florian Bayer &#8211; 2012 Kurzfilm<br>08:02 Dicker als Blut \u2013 R: Umut Dag \u2013 2010 Kurzfilm <\/p>\n","protected":false},"excerpt":{"rendered":"<p>CAROLA POJER 2013 DemoKapitel \/ Sequenzen: 00:29 Die Werkst\u00fcrmer &#8211; R: Andreas Schmied &#8211; Novotny Film &#8211; 2013 Kino01:19 Die Werkst\u00fcrmer &#8211; R: Andreas Schmied &#8211; Novotny Film &#8211; 2013 Kino02:16 Die Werkst\u00fcrmer &#8211; R: Andreas Schmied &#8211; Novotny Film &hellip; <a href=\"https:\/\/www.carolapojer.com\/?page_id=24\">Weiterlesen <span class=\"meta-nav\">&rarr;<\/span><\/a><\/p>\n","protected":false},"author":1,"featured_media":0,"parent":0,"menu_order":3,"comment_status":"closed","ping_status":"closed","template":"","meta":{"ngg_post_thumbnail":0,"footnotes":""},"_links":{"self":[{"href":"https:\/\/www.carolapojer.com\/index.php?rest_route=\/wp\/v2\/pages\/24"}],"collection":[{"href":"https:\/\/www.carolapojer.com\/index.php?rest_route=\/wp\/v2\/pages"}],"about":[{"href":"https:\/\/www.carolapojer.com\/index.php?rest_route=\/wp\/v2\/types\/page"}],"author":[{"embeddable":true,"href":"https:\/\/www.carolapojer.com\/index.php?rest_route=\/wp\/v2\/users\/1"}],"replies":[{"embeddable":true,"href":"https:\/\/www.carolapojer.com\/index.php?rest_route=%2Fwp%2Fv2%2Fcomments&post=24"}],"version-history":[{"count":60,"href":"https:\/\/www.carolapojer.com\/index.php?rest_route=\/wp\/v2\/pages\/24\/revisions"}],"predecessor-version":[{"id":1571,"href":"https:\/\/www.carolapojer.com\/index.php?rest_route=\/wp\/v2\/pages\/24\/revisions\/1571"}],"wp:attachment":[{"href":"https:\/\/www.carolapojer.com\/index.php?rest_route=%2Fwp%2Fv2%2Fmedia&parent=24"}],"curies":[{"name":"wp","href":"https:\/\/api.w.org\/{rel}","templated":true}]}}